{"id":1366,"date":"2016-02-01T23:41:29","date_gmt":"2016-02-02T07:41:29","guid":{"rendered":"http:\/\/roots.nwcdc.coop\/es\/?page_id=1366"},"modified":"2016-02-01T23:41:29","modified_gmt":"2016-02-02T07:41:29","slug":"grupo-latino","status":"publish","type":"page","link":"http:\/\/roots.nwcdc.coop\/es\/grupo-latino\/","title":{"rendered":"Grupo Latino"},"content":{"rendered":"<p><a href=\"http:\/\/roots.nwcdc.coop\/wp-content\/uploads\/2016\/02\/Cultivando-las-Raices-de-las-Coop.jpg\" rel=\"attachment wp-att-1362\"><img loading=\"lazy\" class=\"wp-image-1362 aligncenter\" src=\"http:\/\/roots.nwcdc.coop\/wp-content\/uploads\/2016\/02\/Cultivando-las-Raices-de-las-Coop-300x200.jpg\" alt=\"Cultivando las Raices de las Coop\" width=\"584\" height=\"389\" srcset=\"http:\/\/roots.nwcdc.coop\/wp-content\/uploads\/2016\/02\/Cultivando-las-Raices-de-las-Coop-300x200.jpg 300w, http:\/\/roots.nwcdc.coop\/wp-content\/uploads\/2016\/02\/Cultivando-las-Raices-de-las-Coop-768x512.jpg 768w, http:\/\/roots.nwcdc.coop\/wp-content\/uploads\/2016\/02\/Cultivando-las-Raices-de-las-Coop.jpg 900w\" sizes=\"(max-width: 584px) 100vw, 584px\" \/><\/a><\/p>\n<h5 style=\"text-align: center;\"><strong>Estamos muy contentos de anunciar que tendremos un <\/strong><span style=\"color: #008000;\"><strong>Grupo Latino<\/strong><\/span><strong>\u00a0en la Conferencia Cultivando las Ra\u00edces de las Cooperativas este a\u00f1o!<\/strong><\/h5>\n<h4 style=\"text-align: center;\"><span style=\"color: #ff9900;\"><a style=\"color: #ff9900;\" href=\"http:\/\/roots.nwcdc.coop\/funding-options-for-attendees\/\"><strong>Tenemos Fondos para Becas, Solicite una Beca Hoy!<\/strong><\/a><\/span><\/h4>\n<h5><span style=\"color: #008000;\"><strong>Detalles <\/strong><strong>del <\/strong><strong>Grupo Latino:<\/strong><\/span><\/h5>\n<p>Centro de Desarrollo Econ\u00f3mico Latino, un RCDG financiado por el Centro de Desarrollo Cooperativo, est\u00e1 organizando una serie de talleres orientados a los inmigrantes latinos para promover el desarrollo de cooperativas como un veh\u00edculo para miembros de bajos ingresos de la comunidad a la transici\u00f3n de empleos de explotaci\u00f3n salarial a due\u00f1os de negocios e igualdad econ\u00f3mica y social.<\/p>\n<p>El viernes estaremos ofreciendo una serie de talleres organizados alrededor de estudios de caso de esfuerzos de inmigrantes exitosos que han permitido a los inmigrantes a superar las barreras de desarrollo mediante la organizaci\u00f3n de las cooperativas. Todas las sesiones que conforman el Grupo para Latinos est\u00e1n abiertas a todos los asistentes de la Conferencia.<\/p>\n<h6><span style=\"color: #008000;\"><strong>Viernes 5 de Febrero<\/strong><\/span><\/h6>\n<p><strong>10:00-11:30am<\/strong><\/p>\n<h6><span style=\"color: #008000;\"><strong>Cooperativas Agr\u00edcolas: Mas all\u00e1 de la Granja \u2013 Javier Gonz\u00e1lez, Jaime Villalaz, Rodrigo Cala, Aaron Blythe, and Pakou Hang<\/strong><\/span><\/h6>\n<p><strong>Mesa Redonda<\/strong>:\u00a0<em>Incubadora para Cooperativas Agr\u00edcolas<\/em>\u00a0\u2013Aprenda m\u00e1s sobre la experiencia de la Cooperativa Agua Gorda, comenzando como una micro-granja en 2012 y creciendo para comprar una finca de 54 hect\u00e1reas en el 2015.<\/p>\n<p><em>Cooperativa de Comercializaci\u00f3n<\/em>\u00a0\u2013 Presentaci\u00f3n por Rodrigo Cala, Co-presidente de la Cooperativa Shared Ground Farmers\u2019 y Aaron Blythe, empleado de Shared Ground.<\/p>\n<p><em>Asociaci\u00f3n Cooperativa de la Propiedad de Terrenos agr\u00edcolas \u2013 <\/em>presentaci\u00f3n por Pakou Hang, Asociaci\u00f3n de Agricultores Hmong Americanos, describiendo la Granja HAFA de 155 Acres con 20 agricultores Hmong.<\/p>\n<h5 style=\"text-align: center;\"><strong>11:30am-1:00pm \u2013\u00a0<\/strong><span style=\"color: #008000;\"><strong>Almuerzo<\/strong><\/span><\/h5>\n<h6><strong>1:00 pm-3:00 pm\u00a0<\/strong><\/h6>\n<h6><span style=\"color: #008000;\"><strong>Los Beneficios de las Cooperativas de los Trabajadores \u2013 Vanessa Branson and\u00a0John Flory<\/strong><\/span><\/h6>\n<p><strong>Mesa Redonda:\u00a0<\/strong>Una visi\u00f3n general de la Fundaci\u00f3n y el \u00e9xito de las cooperativas de Conserjes en varios Estados.<\/p>\n<h6><strong>3:30 pm-5:00 pm<\/strong><\/h6>\n<h6><span style=\"color: #008000;\"><strong>Cooperativa Mercados P\u00fablicos \u2013 John Flory and Nathan Teske<\/strong><\/span><\/h6>\n<p><strong>Mesa Redonda:\u00a0<\/strong>Presentaci\u00f3n por John Flory del Centro de Desarrollo Econ\u00f3mico Latino que describe el Mercado Cooperativo Central de Minneapolis, un Mercado Latino que abri\u00f3 con 47 micro empresas en un edificio hace 16 a\u00f1os. Tambi\u00e9n escucharan de Nathan Teske describir el Mercado de Portland que abri\u00f3 en Portland, Oregon en el 2015.<\/p>\n<p><a href=\"http:\/\/roots.nwcdc.coop\/wp-content\/uploads\/2015\/12\/ledc.png\" rel=\"attachment wp-att-1078\"><img loading=\"lazy\" class=\"alignnone size-full wp-image-1078\" src=\"http:\/\/roots.nwcdc.coop\/wp-content\/uploads\/2015\/12\/ledc.png\" alt=\"ledc\" width=\"297\" height=\"170\" \/><\/a>\u00a0\u00a0<a href=\"http:\/\/roots.nwcdc.coop\/wp-content\/uploads\/2015\/12\/Shared_Ground_Coop_Digitized.jpg\" rel=\"attachment wp-att-1081\"><img loading=\"lazy\" class=\"alignnone size-medium wp-image-1081\" src=\"http:\/\/roots.nwcdc.coop\/wp-content\/uploads\/2015\/12\/Shared_Ground_Coop_Digitized-300x191.jpg\" alt=\"Shared_Ground_Coop_Digitized\" width=\"300\" height=\"191\" srcset=\"http:\/\/roots.nwcdc.coop\/wp-content\/uploads\/2015\/12\/Shared_Ground_Coop_Digitized-300x191.jpg 300w, http:\/\/roots.nwcdc.coop\/wp-content\/uploads\/2015\/12\/Shared_Ground_Coop_Digitized-1024x652.jpg 1024w\" sizes=\"(max-width: 300px) 100vw, 300px\" \/><\/a> <a href=\"http:\/\/roots.nwcdc.coop\/wp-content\/uploads\/2015\/12\/hafa.jpg\" rel=\"attachment wp-att-1082\"><img loading=\"lazy\" class=\"wp-image-1082 aligncenter\" src=\"http:\/\/roots.nwcdc.coop\/wp-content\/uploads\/2015\/12\/hafa.jpg\" alt=\"hafa\" width=\"182\" height=\"182\" \/><\/a><\/p>\n<p><a href=\"http:\/\/roots.nwcdc.coop\/wp-content\/uploads\/2015\/12\/mercado-central.jpg\" rel=\"attachment wp-att-1083\"><img loading=\"lazy\" class=\"alignnone  wp-image-1083\" src=\"http:\/\/roots.nwcdc.coop\/wp-content\/uploads\/2015\/12\/mercado-central-300x169.jpg\" alt=\"mercado central\" width=\"307\" height=\"173\" srcset=\"http:\/\/roots.nwcdc.coop\/wp-content\/uploads\/2015\/12\/mercado-central-300x169.jpg 300w, http:\/\/roots.nwcdc.coop\/wp-content\/uploads\/2015\/12\/mercado-central.jpg 745w\" sizes=\"(max-width: 307px) 100vw, 307px\" \/><\/a><a href=\"http:\/\/roots.nwcdc.coop\/wp-content\/uploads\/2015\/12\/Portland-Mercado-final-Copy.png\" rel=\"attachment wp-att-1084\"><img loading=\"lazy\" class=\"wp-image-1084 alignnone\" src=\"http:\/\/roots.nwcdc.coop\/wp-content\/uploads\/2015\/12\/Portland-Mercado-final-Copy-300x189.png\" alt=\"Portland-Mercado-final+-+Copy\" width=\"283\" height=\"178\" srcset=\"http:\/\/roots.nwcdc.coop\/wp-content\/uploads\/2015\/12\/Portland-Mercado-final-Copy-300x189.png 300w, http:\/\/roots.nwcdc.coop\/wp-content\/uploads\/2015\/12\/Portland-Mercado-final-Copy-1024x646.png 1024w\" sizes=\"(max-width: 283px) 100vw, 283px\" \/><\/a><\/p>\n<p>&nbsp;<\/p>\n","protected":false},"excerpt":{"rendered":"<p>Estamos muy contentos de anunciar que tendremos un Grupo Latino\u00a0en la Conferencia Cultivando las Ra\u00edces de las Cooperativas este a\u00f1o! Tenemos Fondos para Becas, Solicite una Beca Hoy! Detalles del Grupo Latino: Centro de Desarrollo Econ\u00f3mico Latino, un RCDG financiado por el Centro de Desarrollo Cooperativo, est\u00e1 organizando una serie de talleres orientados a los &hellip; <a href=\"http:\/\/roots.nwcdc.coop\/es\/grupo-latino\/\" class=\"more-link\">Continue reading <span class=\"screen-reader-text\">Grupo Latino<\/span> <span class=\"meta-nav\">&rarr;<\/span><\/a><\/p>\n","protected":false},"author":3,"featured_media":0,"parent":0,"menu_order":0,"comment_status":"closed","ping_status":"closed","template":"","meta":[],"_links":{"self":[{"href":"http:\/\/roots.nwcdc.coop\/es\/wp-json\/wp\/v2\/pages\/1366"}],"collection":[{"href":"http:\/\/roots.nwcdc.coop\/es\/wp-json\/wp\/v2\/pages"}],"about":[{"href":"http:\/\/roots.nwcdc.coop\/es\/wp-json\/wp\/v2\/types\/page"}],"author":[{"embeddable":true,"href":"http:\/\/roots.nwcdc.coop\/es\/wp-json\/wp\/v2\/users\/3"}],"replies":[{"embeddable":true,"href":"http:\/\/roots.nwcdc.coop\/es\/wp-json\/wp\/v2\/comments?post=1366"}],"version-history":[{"count":1,"href":"http:\/\/roots.nwcdc.coop\/es\/wp-json\/wp\/v2\/pages\/1366\/revisions"}],"predecessor-version":[{"id":1368,"href":"http:\/\/roots.nwcdc.coop\/es\/wp-json\/wp\/v2\/pages\/1366\/revisions\/1368"}],"wp:attachment":[{"href":"http:\/\/roots.nwcdc.coop\/es\/wp-json\/wp\/v2\/media?parent=1366"}],"curies":[{"name":"wp","href":"https:\/\/api.w.org\/{rel}","templated":true}]}}

<p><a href="http://roots.nwcdc.coop/wp-content/uploads/2016/02/Cultivando-las-Raices-de-las-Coop.jpg" rel="attachment wp-att-1362"><img loading="lazy" class="wp-image-1362 aligncenter" src="http://roots.nwcdc.coop/wp-content/uploads/2016/02/Cultivando-las-Raices-de-las-Coop-300x200.jpg" alt="Cultivando las Raices de las Coop" width="584" height="389" srcset="http://roots.nwcdc.coop/wp-content/uploads/2016/02/Cultivando-las-Raices-de-las-Coop-300x200.jpg 300w, http://roots.nwcdc.coop/wp-content/uploads/2016/02/Cultivando-las-Raices-de-las-Coop-768x512.jpg 768w, http://roots.nwcdc.coop/wp-content/uploads/2016/02/Cultivando-las-Raices-de-las-Coop.jpg 900w" sizes="(max-width: 584px) 100vw, 584px" /></a></p>
<h5 style="text-align: center;"><strong>Estamos muy contentos de anunciar que tendremos un </strong><span style="color: #008000;"><strong>Grupo Latino</strong></span><strong> en la Conferencia Cultivando las Raíces de las Cooperativas este año!</strong></h5>
<h4 style="text-align: center;"><span style="color: #ff9900;"><a style="color: #ff9900;" href="http://roots.nwcdc.coop/funding-options-for-attendees/"><strong>Tenemos Fondos para Becas, Solicite una Beca Hoy!</strong></a></span></h4>
<h5><span style="color: #008000;"><strong>Detalles </strong><strong>del </strong><strong>Grupo Latino:</strong></span></h5>
<p>Centro de Desarrollo Económico Latino, un RCDG financiado por el Centro de Desarrollo Cooperativo, está organizando una serie de talleres orientados a los inmigrantes latinos para promover el desarrollo de cooperativas como un vehículo para miembros de bajos ingresos de la comunidad a la transición de empleos de explotación salarial a dueños de negocios e igualdad económica y social.</p>
<p>El viernes estaremos ofreciendo una serie de talleres organizados alrededor de estudios de caso de esfuerzos de inmigrantes exitosos que han permitido a los inmigrantes a superar las barreras de desarrollo mediante la organización de las cooperativas. Todas las sesiones que conforman el Grupo para Latinos están abiertas a todos los asistentes de la Conferencia.</p>
<h6><span style="color: #008000;"><strong>Viernes 5 de Febrero</strong></span></h6>
<p><strong>10:00-11:30am</strong></p>
<h6><span style="color: #008000;"><strong>Cooperativas Agrícolas: Mas allá de la Granja – Javier González, Jaime Villalaz, Rodrigo Cala, Aaron Blythe, and Pakou Hang</strong></span></h6>
<p><strong>Mesa Redonda</strong>: <em>Incubadora para Cooperativas Agrícolas</em> –Aprenda más sobre la experiencia de la Cooperativa Agua Gorda, comenzando como una micro-granja en 2012 y creciendo para comprar una finca de 54 hectáreas en el 2015.</p>
<p><em>Cooperativa de Comercialización</em> – Presentación por Rodrigo Cala, Co-presidente de la Cooperativa Shared Ground Farmers’ y Aaron Blythe, empleado de Shared Ground.</p>
<p><em>Asociación Cooperativa de la Propiedad de Terrenos agrícolas – </em>presentación por Pakou Hang, Asociación de Agricultores Hmong Americanos, describiendo la Granja HAFA de 155 Acres con 20 agricultores Hmong.</p>
<h5 style="text-align: center;"><strong>11:30am-1:00pm – </strong><span style="color: #008000;"><strong>Almuerzo</strong></span></h5>
<h6><strong>1:00 pm-3:00 pm </strong></h6>
<h6><span style="color: #008000;"><strong>Los Beneficios de las Cooperativas de los Trabajadores – Vanessa Branson and John Flory</strong></span></h6>
<p><strong>Mesa Redonda: </strong>Una visión general de la Fundación y el éxito de las cooperativas de Conserjes en varios Estados.</p>
<h6><strong>3:30 pm-5:00 pm</strong></h6>
<h6><span style="color: #008000;"><strong>Cooperativa Mercados Públicos – John Flory and Nathan Teske</strong></span></h6>
<p><strong>Mesa Redonda: </strong>Presentación por John Flory del Centro de Desarrollo Económico Latino que describe el Mercado Cooperativo Central de Minneapolis, un Mercado Latino que abrió con 47 micro empresas en un edificio hace 16 años. También escucharan de Nathan Teske describir el Mercado de Portland que abrió en Portland, Oregon en el 2015.</p>
<p><a href="http://roots.nwcdc.coop/wp-content/uploads/2015/12/ledc.png" rel="attachment wp-att-1078"><img loading="lazy" class="alignnone size-full wp-image-1078" src="http://roots.nwcdc.coop/wp-content/uploads/2015/12/ledc.png" alt="ledc" width="297" height="170" /></a>  <a href="http://roots.nwcdc.coop/wp-content/uploads/2015/12/Shared_Ground_Coop_Digitized.jpg" rel="attachment wp-att-1081"><img loading="lazy" class="alignnone size-medium wp-image-1081" src="http://roots.nwcdc.coop/wp-content/uploads/2015/12/Shared_Ground_Coop_Digitized-300x191.jpg" alt="Shared_Ground_Coop_Digitized" width="300" height="191" srcset="http://roots.nwcdc.coop/wp-content/uploads/2015/12/Shared_Ground_Coop_Digitized-300x191.jpg 300w, http://roots.nwcdc.coop/wp-content/uploads/2015/12/Shared_Ground_Coop_Digitized-1024x652.jpg 1024w" sizes="(max-width: 300px) 100vw, 300px" /></a> <a href="http://roots.nwcdc.coop/wp-content/uploads/2015/12/hafa.jpg" rel="attachment wp-att-1082"><img loading="lazy" class="wp-image-1082 aligncenter" src="http://roots.nwcdc.coop/wp-content/uploads/2015/12/hafa.jpg" alt="hafa" width="182" height="182" /></a></p>
<p><a href="http://roots.nwcdc.coop/wp-content/uploads/2015/12/mercado-central.jpg" rel="attachment wp-att-1083"><img loading="lazy" class="alignnone  wp-image-1083" src="http://roots.nwcdc.coop/wp-content/uploads/2015/12/mercado-central-300x169.jpg" alt="mercado central" width="307" height="173" srcset="http://roots.nwcdc.coop/wp-content/uploads/2015/12/mercado-central-300x169.jpg 300w, http://roots.nwcdc.coop/wp-content/uploads/2015/12/mercado-central.jpg 745w" sizes="(max-width: 307px) 100vw, 307px" /></a><a href="http://roots.nwcdc.coop/wp-content/uploads/2015/12/Portland-Mercado-final-Copy.png" rel="attachment wp-att-1084"><img loading="lazy" class="wp-image-1084 alignnone" src="http://roots.nwcdc.coop/wp-content/uploads/2015/12/Portland-Mercado-final-Copy-300x189.png" alt="Portland-Mercado-final+-+Copy" width="283" height="178" srcset="http://roots.nwcdc.coop/wp-content/uploads/2015/12/Portland-Mercado-final-Copy-300x189.png 300w, http://roots.nwcdc.coop/wp-content/uploads/2015/12/Portland-Mercado-final-Copy-1024x646.png 1024w" sizes="(max-width: 283px) 100vw, 283px" /></a></p>
<p>&nbsp;</p>

<p>Estamos muy contentos de anunciar que tendremos un Grupo Latino en la Conferencia Cultivando las Raíces de las Cooperativas este año! Tenemos Fondos para Becas, Solicite una Beca Hoy! Detalles del Grupo Latino: Centro de Desarrollo Económico Latino, un RCDG financiado por el Centro de Desarrollo Cooperativo, está organizando una serie de talleres orientados a los &hellip; <a href="http://roots.nwcdc.coop/es/grupo-latino/" class="more-link">Continue reading <span class="screen-reader-text">Grupo Latino</span> <span class="meta-nav">&rarr;</span></a></p>
