{"id":1308,"date":"2016-01-31T18:20:12","date_gmt":"2016-02-01T02:20:12","guid":{"rendered":"http:\/\/roots.nwcdc.coop\/es\/?page_id=1308"},"modified":"2016-01-31T18:20:12","modified_gmt":"2016-02-01T02:20:12","slug":"domingo-7-de-febrero","status":"publish","type":"page","link":"http:\/\/roots.nwcdc.coop\/es\/domingo-7-de-febrero\/","title":{"rendered":"Domingo 7 de Febrero"},"content":{"rendered":"<h4 style=\"text-align: center;\">Excursiones \u2013 Domingo 7 de Febrero<\/h4>\n<p style=\"text-align: center;\"><a href=\"http:\/\/roots.nwcdc.coop\/wp-content\/uploads\/2016\/01\/Full-Agenda-Domingo-ESP.jpg\" rel=\"attachment wp-att-1292\"><img loading=\"lazy\" class=\"wp-image-1292 aligncenter\" src=\"http:\/\/roots.nwcdc.coop\/wp-content\/uploads\/2016\/01\/Full-Agenda-Domingo-ESP-300x63.jpg\" alt=\"Full Agenda Domingo ESP\" width=\"857\" height=\"180\" srcset=\"http:\/\/roots.nwcdc.coop\/wp-content\/uploads\/2016\/01\/Full-Agenda-Domingo-ESP-300x63.jpg 300w, http:\/\/roots.nwcdc.coop\/wp-content\/uploads\/2016\/01\/Full-Agenda-Domingo-ESP-768x161.jpg 768w, http:\/\/roots.nwcdc.coop\/wp-content\/uploads\/2016\/01\/Full-Agenda-Domingo-ESP-1024x215.jpg 1024w, http:\/\/roots.nwcdc.coop\/wp-content\/uploads\/2016\/01\/Full-Agenda-Domingo-ESP.jpg 1241w\" sizes=\"(max-width: 857px) 100vw, 857px\" \/><\/a><em>Haga clic para ampliar la imagen<\/em><\/p>\n<p>Tenemos tres excursiones alineadas ya y est\u00e1n trabajando duro para encontrar otros paseos m\u00e1s divertidos que no s\u00f3lo muestran el \u00e1rea de Spokane pero que puedan traer los temas de la Conferencia a la vida. Las excursiones se llevaran a cabo el domingo y terminaran aproximadamente a la 1:00 pm. La hora exacta de las excursiones a\u00fan tiene que determinarse, est\u00e9n atentos para m\u00e1s detalles y para otras excursiones. <em>(Usted se puede registrar para una excursi\u00f3n para reservar su \u00a0lugar y le enviaremos la hora espec\u00edfica una vez sean determinadas por los organizadores).<\/em><\/p>\n<p>\u00a1Aqu\u00ed esta lo que tenemos ahora!<\/p>\n<p><strong>\u00a0<\/strong><strong>Cervecer\u00eda-Granja-Malthouse<\/strong>: \u00danete a Joel Williamson de alimentos LINC para una visita de una granja local (si el clima lo permite), \u00c9chale un vistazo al esfuerzo m\u00e1s reciente de alimentos LINC, la Malthouse y termina por la tarde en una cervecer\u00eda para una deliciosa comida y una bebida bien fr\u00eda. (Costo: $20. El costo del almuerzo no est\u00e1 incluido en la cuota de inscripci\u00f3n).<\/p>\n<p style=\"text-align: center;\"><a href=\"http:\/\/roots.nwcdc.coop\/wp-content\/uploads\/2015\/01\/linc2.png\" rel=\"attachment wp-att-806\"><img loading=\"lazy\" class=\"alignnone  wp-image-806\" src=\"http:\/\/roots.nwcdc.coop\/wp-content\/uploads\/2015\/01\/linc2-300x120.png\" alt=\"linc2\" width=\"353\" height=\"141\" srcset=\"http:\/\/roots.nwcdc.coop\/wp-content\/uploads\/2015\/01\/linc2-300x120.png 300w, http:\/\/roots.nwcdc.coop\/wp-content\/uploads\/2015\/01\/linc2.png 1000w\" sizes=\"(max-width: 353px) 100vw, 353px\" \/><\/a><\/p>\n<p><strong>Cooperativa Mercado Principal y Edificio Saranac<\/strong>: Echen un vistazo tras bambalinas del funcionamiento interno de la <span style=\"color: #ff9900;\"><strong><a style=\"color: #ff9900;\" href=\"http:\/\/www.mainmarket.coop\/the-market\">Cooperativa del Mercado Principal<\/a> <\/strong><\/span>\u00a0de Spokane. Camine al otro lado de la calle para un recorrido por el\u00a0<span style=\"color: #ff9900;\"><strong><a style=\"color: #ff9900;\" href=\"http:\/\/community-building.org\/buildings\/\">Edificio Saranac<\/a><\/strong><\/span> Certificado por LEED. Escuche acerca de la creaci\u00f3n del edificio Saranac y su construcci\u00f3n hermana, el Edificio Comunitario, que se han convertido en ejes centrales para la justicia ambiental y social en Spokane. \u00a0Finalice el recorrido con una comida hecha con alimentos locales en el Saranac Pub. (Costo: $10. Incluye caf\u00e9 y t\u00e9 y una sorpresa horneada)\u00a0<a href=\"http:\/\/roots.nwcdc.coop\/wp-content\/uploads\/2015\/01\/th.jpg\" rel=\"attachment wp-att-802\"><img loading=\"lazy\" class=\" wp-image-802 aligncenter\" src=\"http:\/\/roots.nwcdc.coop\/wp-content\/uploads\/2015\/01\/th.jpg\" alt=\"th\" width=\"376\" height=\"191\" \/><\/a><\/p>\n<p><strong>Universidad Gonzaga y Servicios Alimenticios Sodexo<\/strong>\u00a0\u2013 \u00bfSab\u00eda usted que el comedor estudiantil de la Universidad Gonzaga tiene su propia panader\u00eda? Mejor a\u00fan, esa panader\u00eda obtiene el grano de productores locales y cooperativas. El comedor estudiantil de Gonzaga esta administrado por el Servicio de Alimentos Sodexo, una empresa que valora la sostenibilidad y apoya el sistema local de alimentos abasteci\u00e9ndose localmente siempre que sea posible. \u00danase a nosotros para una visita a las instalaciones del comedor estudiantil de Gonzaga, el invernadero y su m\u00e1s reciente edificio certificado por LEED. Aprenda m\u00e1s sobre los beneficios del programa de la granja a la mesa y algunos de los desaf\u00edos. Esta gira finalizar\u00e1 con un delicioso desayuno-almuerzo \u201cbrunch\u201d dominical en la Universidad Gonzaga. (Costo: $15. El costo incluye el desayuno-almuerzo \u201cbrunch\u201d)<\/p>\n<p><a href=\"http:\/\/roots.nwcdc.coop\/wp-content\/uploads\/2015\/01\/gonzagafall.jpg\" rel=\"attachment wp-att-592\"><img loading=\"lazy\" class=\" wp-image-592\" src=\"http:\/\/roots.nwcdc.coop\/wp-content\/uploads\/2015\/01\/gonzagafall-300x199.jpg\" alt=\"Gonzaga University\" width=\"448\" height=\"297\" srcset=\"http:\/\/roots.nwcdc.coop\/wp-content\/uploads\/2015\/01\/gonzagafall-300x199.jpg 300w, http:\/\/roots.nwcdc.coop\/wp-content\/uploads\/2015\/01\/gonzagafall-360x240.jpg 360w, http:\/\/roots.nwcdc.coop\/wp-content\/uploads\/2015\/01\/gonzagafall.jpg 500w\" sizes=\"(max-width: 448px) 100vw, 448px\" \/><\/a><\/p>\n<p>&nbsp;<\/p>\n<p>&nbsp;<\/p>\n<p>Universidad Gonzaga<\/p>\n<p>&nbsp;<\/p>\n<p>&nbsp;<\/p>\n<p>&nbsp;<\/p>\n<p>&nbsp;<\/p>\n","protected":false},"excerpt":{"rendered":"<p>Excursiones \u2013 Domingo 7 de Febrero Haga clic para ampliar la imagen Tenemos tres excursiones alineadas ya y est\u00e1n trabajando duro para encontrar otros paseos m\u00e1s divertidos que no s\u00f3lo muestran el \u00e1rea de Spokane pero que puedan traer los temas de la Conferencia a la vida. Las excursiones se llevaran a cabo el domingo &hellip; <a href=\"http:\/\/roots.nwcdc.coop\/es\/domingo-7-de-febrero\/\" class=\"more-link\">Continue reading <span class=\"screen-reader-text\">Domingo 7 de Febrero<\/span> <span class=\"meta-nav\">&rarr;<\/span><\/a><\/p>\n","protected":false},"author":3,"featured_media":0,"parent":0,"menu_order":0,"comment_status":"closed","ping_status":"closed","template":"","meta":[],"_links":{"self":[{"href":"http:\/\/roots.nwcdc.coop\/es\/wp-json\/wp\/v2\/pages\/1308"}],"collection":[{"href":"http:\/\/roots.nwcdc.coop\/es\/wp-json\/wp\/v2\/pages"}],"about":[{"href":"http:\/\/roots.nwcdc.coop\/es\/wp-json\/wp\/v2\/types\/page"}],"author":[{"embeddable":true,"href":"http:\/\/roots.nwcdc.coop\/es\/wp-json\/wp\/v2\/users\/3"}],"replies":[{"embeddable":true,"href":"http:\/\/roots.nwcdc.coop\/es\/wp-json\/wp\/v2\/comments?post=1308"}],"version-history":[{"count":1,"href":"http:\/\/roots.nwcdc.coop\/es\/wp-json\/wp\/v2\/pages\/1308\/revisions"}],"predecessor-version":[{"id":1310,"href":"http:\/\/roots.nwcdc.coop\/es\/wp-json\/wp\/v2\/pages\/1308\/revisions\/1310"}],"wp:attachment":[{"href":"http:\/\/roots.nwcdc.coop\/es\/wp-json\/wp\/v2\/media?parent=1308"}],"curies":[{"name":"wp","href":"https:\/\/api.w.org\/{rel}","templated":true}]}}

<h4 style="text-align: center;">Excursiones – Domingo 7 de Febrero</h4>
<p style="text-align: center;"><a href="http://roots.nwcdc.coop/wp-content/uploads/2016/01/Full-Agenda-Domingo-ESP.jpg" rel="attachment wp-att-1292"><img loading="lazy" class="wp-image-1292 aligncenter" src="http://roots.nwcdc.coop/wp-content/uploads/2016/01/Full-Agenda-Domingo-ESP-300x63.jpg" alt="Full Agenda Domingo ESP" width="857" height="180" srcset="http://roots.nwcdc.coop/wp-content/uploads/2016/01/Full-Agenda-Domingo-ESP-300x63.jpg 300w, http://roots.nwcdc.coop/wp-content/uploads/2016/01/Full-Agenda-Domingo-ESP-768x161.jpg 768w, http://roots.nwcdc.coop/wp-content/uploads/2016/01/Full-Agenda-Domingo-ESP-1024x215.jpg 1024w, http://roots.nwcdc.coop/wp-content/uploads/2016/01/Full-Agenda-Domingo-ESP.jpg 1241w" sizes="(max-width: 857px) 100vw, 857px" /></a><em>Haga clic para ampliar la imagen</em></p>
<p>Tenemos tres excursiones alineadas ya y están trabajando duro para encontrar otros paseos más divertidos que no sólo muestran el área de Spokane pero que puedan traer los temas de la Conferencia a la vida. Las excursiones se llevaran a cabo el domingo y terminaran aproximadamente a la 1:00 pm. La hora exacta de las excursiones aún tiene que determinarse, estén atentos para más detalles y para otras excursiones. <em>(Usted se puede registrar para una excursión para reservar su  lugar y le enviaremos la hora específica una vez sean determinadas por los organizadores).</em></p>
<p>¡Aquí esta lo que tenemos ahora!</p>
<p><strong> </strong><strong>Cervecería-Granja-Malthouse</strong>: Únete a Joel Williamson de alimentos LINC para una visita de una granja local (si el clima lo permite), Échale un vistazo al esfuerzo más reciente de alimentos LINC, la Malthouse y termina por la tarde en una cervecería para una deliciosa comida y una bebida bien fría. (Costo: $20. El costo del almuerzo no está incluido en la cuota de inscripción).</p>
<p style="text-align: center;"><a href="http://roots.nwcdc.coop/wp-content/uploads/2015/01/linc2.png" rel="attachment wp-att-806"><img loading="lazy" class="alignnone  wp-image-806" src="http://roots.nwcdc.coop/wp-content/uploads/2015/01/linc2-300x120.png" alt="linc2" width="353" height="141" srcset="http://roots.nwcdc.coop/wp-content/uploads/2015/01/linc2-300x120.png 300w, http://roots.nwcdc.coop/wp-content/uploads/2015/01/linc2.png 1000w" sizes="(max-width: 353px) 100vw, 353px" /></a></p>
<p><strong>Cooperativa Mercado Principal y Edificio Saranac</strong>: Echen un vistazo tras bambalinas del funcionamiento interno de la <span style="color: #ff9900;"><strong><a style="color: #ff9900;" href="http://www.mainmarket.coop/the-market">Cooperativa del Mercado Principal</a> </strong></span> de Spokane. Camine al otro lado de la calle para un recorrido por el <span style="color: #ff9900;"><strong><a style="color: #ff9900;" href="http://community-building.org/buildings/">Edificio Saranac</a></strong></span> Certificado por LEED. Escuche acerca de la creación del edificio Saranac y su construcción hermana, el Edificio Comunitario, que se han convertido en ejes centrales para la justicia ambiental y social en Spokane.  Finalice el recorrido con una comida hecha con alimentos locales en el Saranac Pub. (Costo: $10. Incluye café y té y una sorpresa horneada) <a href="http://roots.nwcdc.coop/wp-content/uploads/2015/01/th.jpg" rel="attachment wp-att-802"><img loading="lazy" class=" wp-image-802 aligncenter" src="http://roots.nwcdc.coop/wp-content/uploads/2015/01/th.jpg" alt="th" width="376" height="191" /></a></p>
<p><strong>Universidad Gonzaga y Servicios Alimenticios Sodexo</strong> – ¿Sabía usted que el comedor estudiantil de la Universidad Gonzaga tiene su propia panadería? Mejor aún, esa panadería obtiene el grano de productores locales y cooperativas. El comedor estudiantil de Gonzaga esta administrado por el Servicio de Alimentos Sodexo, una empresa que valora la sostenibilidad y apoya el sistema local de alimentos abasteciéndose localmente siempre que sea posible. Únase a nosotros para una visita a las instalaciones del comedor estudiantil de Gonzaga, el invernadero y su más reciente edificio certificado por LEED. Aprenda más sobre los beneficios del programa de la granja a la mesa y algunos de los desafíos. Esta gira finalizará con un delicioso desayuno-almuerzo “brunch” dominical en la Universidad Gonzaga. (Costo: $15. El costo incluye el desayuno-almuerzo “brunch”)</p>
<p><a href="http://roots.nwcdc.coop/wp-content/uploads/2015/01/gonzagafall.jpg" rel="attachment wp-att-592"><img loading="lazy" class=" wp-image-592" src="http://roots.nwcdc.coop/wp-content/uploads/2015/01/gonzagafall-300x199.jpg" alt="Gonzaga University" width="448" height="297" srcset="http://roots.nwcdc.coop/wp-content/uploads/2015/01/gonzagafall-300x199.jpg 300w, http://roots.nwcdc.coop/wp-content/uploads/2015/01/gonzagafall-360x240.jpg 360w, http://roots.nwcdc.coop/wp-content/uploads/2015/01/gonzagafall.jpg 500w" sizes="(max-width: 448px) 100vw, 448px" /></a></p>
<p>&nbsp;</p>
<p>&nbsp;</p>
<p>Universidad Gonzaga</p>
<p>&nbsp;</p>
<p>&nbsp;</p>
<p>&nbsp;</p>
<p>&nbsp;</p>

<p>Excursiones – Domingo 7 de Febrero Haga clic para ampliar la imagen Tenemos tres excursiones alineadas ya y están trabajando duro para encontrar otros paseos más divertidos que no sólo muestran el área de Spokane pero que puedan traer los temas de la Conferencia a la vida. Las excursiones se llevaran a cabo el domingo &hellip; <a href="http://roots.nwcdc.coop/es/domingo-7-de-febrero/" class="more-link">Continue reading <span class="screen-reader-text">Domingo 7 de Febrero</span> <span class="meta-nav">&rarr;</span></a></p>
